{"id":881,"date":"2025-08-06T14:45:14","date_gmt":"2025-08-06T12:45:14","guid":{"rendered":"http:\/\/strona.gcksirwegliniec.pl\/?page_id=881"},"modified":"2026-02-08T10:40:28","modified_gmt":"2026-02-08T09:40:28","slug":"mala-ksiazka-wielki-czlowiek","status":"publish","type":"page","link":"https:\/\/gcksirwegliniec.pl\/?page_id=881","title":{"rendered":"Ma\u0142a ksi\u0105\u017cka &#8211; wielki cz\u0142owiek"},"content":{"rendered":"<h2 class=\"fonts-plugin-block \" style=\"font-family: Oswald !important;font-weight: 400 !important;text-align: center !important;color: #016939 !important\">Ma\u0142a ksi\u0105\u017cka &#8211; wielki cz\u0142owiek<\/h2>\n\n\n<div style=\"height:9px\" aria-hidden=\"true\" class=\"wp-block-spacer\"><\/div>\n\n\n<h4 class=\"fonts-plugin-block \" style=\"font-family: Oswald !important;font-weight: 300 !important;text-align: center !important;color: #016939 !important\">W naszej bibliotece na wszystkich przedszkolak\u00f3w i ich rodzic\u00f3w czekaj\u0105 bezp\u0142atne Wyprawki Czytelnicze. <\/h4>\n\n<div class=\"wp-block-image\">\n<figure class=\"aligncenter size-large is-resized\"><img loading=\"lazy\" decoding=\"async\" width=\"733\" height=\"1024\" src=\"http:\/\/strona.gcksirwegliniec.pl\/wp-content\/uploads\/2025\/08\/plakat-480x680-DRUK-1maly-733x1024.png\" alt=\"\" class=\"wp-image-2123\" style=\"aspect-ratio:0.7158210373769524;width:559px;height:auto\" srcset=\"https:\/\/gcksirwegliniec.pl\/wp-content\/uploads\/2025\/08\/plakat-480x680-DRUK-1maly-733x1024.png 733w, https:\/\/gcksirwegliniec.pl\/wp-content\/uploads\/2025\/08\/plakat-480x680-DRUK-1maly-600x838.png 600w, https:\/\/gcksirwegliniec.pl\/wp-content\/uploads\/2025\/08\/plakat-480x680-DRUK-1maly-215x300.png 215w, https:\/\/gcksirwegliniec.pl\/wp-content\/uploads\/2025\/08\/plakat-480x680-DRUK-1maly-768x1072.png 768w, https:\/\/gcksirwegliniec.pl\/wp-content\/uploads\/2025\/08\/plakat-480x680-DRUK-1maly-720x1005.png 720w, https:\/\/gcksirwegliniec.pl\/wp-content\/uploads\/2025\/08\/plakat-480x680-DRUK-1maly-520x726.png 520w, https:\/\/gcksirwegliniec.pl\/wp-content\/uploads\/2025\/08\/plakat-480x680-DRUK-1maly-320x447.png 320w, https:\/\/gcksirwegliniec.pl\/wp-content\/uploads\/2025\/08\/plakat-480x680-DRUK-1maly.png 800w\" sizes=\"auto, (max-width: 733px) 100vw, 733px\" \/><\/figure>\n<\/div>\n\n\n<div style=\"height:6px\" aria-hidden=\"true\" class=\"wp-block-spacer\"><\/div>\n\n\n\n<p class=\"has-text-align-center has-text-color has-link-color wp-elements-67187f6202c8c03c13848cc5c332ac4d wp-block-paragraph\" style=\"color:#016939\"><br>Jeste\u015bmy jedn\u0105 z blisko 7000 bibliotek publicznych w Polsce, kt\u00f3re uczestnicz\u0105 w og\u00f3lnopolskiej kampanii \u201eMa\u0142a ksi\u0105\u017cka \u2013 wielki cz\u0142owiek\u201d organizowanej przez Instytut Ksi\u0105\u017cki. Wsp\u00f3lnie przekonujemy o tym, \u017ce nigdy nie jest za wcze\u015bnie, by zacz\u0105\u0107 czyta\u0107. Zapraszamy wszystkich przedszkolak\u00f3w do zapisania si\u0119 do biblioteki i wzi\u0119cia udzia\u0142u w akcji, kt\u00f3ra b\u0119dzie pocz\u0105tkiem ich czytelniczej przygody na ca\u0142e \u017cycie.<\/p>\n\n\n<h4 class=\"fonts-plugin-block \" style=\"font-family: Oswald !important;font-weight: 400 !important;text-align: center !important;color: #016939 !important\">Jak to dzia\u0142a?<\/h4>\n\n\n<p class=\"has-text-align-center has-text-color has-link-color wp-elements-45532565cb38b0a57398de7d3dcd87ea wp-block-paragraph\" style=\"color:#016939\">Ka\u017cdemu przedszkolakowi, kt\u00f3ry odwiedzi nasz\u0105 bibliotek\u0119 w towarzystwie rodzica lub opiekuna i zechce wzi\u0105\u0107 udzia\u0142 w akcji, wr\u0119czymy specjaln\u0105 Wyprawk\u0119 Czytelnicz\u0105 oraz Kart\u0119 Ma\u0142ego Czytelnika.<\/p>\n\n\n<h4 class=\"fonts-plugin-block \" style=\"font-family: Oswald !important;font-weight: 400 !important;text-align: center !important;color: #016939 !important\">Czym jest Wyprawka Czytelnicza?<\/h4>\n\n\n<p class=\"has-text-align-center has-text-color has-link-color wp-elements-c2f37544c53c6637785adaa278e4cf1f wp-block-paragraph\" style=\"color:#016939\">To zaproszenie dla rodzica i dziecka do wsp\u00f3lnej lektury wyj\u0105tkowych opowie\u015bci o bohaterach, w kt\u00f3rych najm\u0142odsi czytelnicy oraz ich doro\u015bli towarzysze mog\u0105 rozpozna\u0107 siebie. W sk\u0142ad Wyprawki Czytelniczej wchodzi ksi\u0105\u017cka pt. \u201eKrasnal w Krzywej Czapce\u201d, kt\u00f3r\u0105 napisa\u0142 znakomity autor literatury dzieci\u0119cej Wojciech Wid\u0142ak i kt\u00f3r\u0105 wzbogaci\u0142a pi\u0119knymi ilustracjami Aleksandra Krzanowska. Ponadto w Wyprawce znalaz\u0142a si\u0119 broszura informacyjna dla rodzic\u00f3w, przedstawiaj\u0105ca korzy\u015bci p\u0142yn\u0105ce z czytania od najm\u0142odszych lat dla rozwoju dziecka.<\/p>\n\n\n<h4 class=\"fonts-plugin-block \" style=\"font-family: Oswald !important;font-weight: 400 !important;text-align: center !important;color: #016939 !important\">Do czego s\u0142u\u017cy Karta Ma\u0142ego Czytelnika?<\/h4>\n\n\n<p class=\"has-text-align-center has-text-color has-link-color wp-elements-477f9edd0f5eacf40f3daa9dbd4b150d wp-block-paragraph\" style=\"color:#016939\">Odebranie Wyprawki wraz z Kart\u0105 Ma\u0142ego Czytelnika to prawdziwy pocz\u0105tek czytelniczej przygody i zabawy. Przedszkolak, kt\u00f3ry do\u0142\u0105czy do akcji, za ka\u017cd\u0105 kolejn\u0105 wizyt\u0119 w bibliotece zako\u0144czon\u0105 wypo\u017cyczeniem minimum jednej ksi\u0105\u017cki z ksi\u0119gozbioru dzieci\u0119cego otrzyma naklejk\u0119. Po zebraniu dziesi\u0119ciu naklejek zostanie uhonorowany imiennym dyplomem potwierdzaj\u0105cym jego czytelnicze zainteresowania. Je\u015bli dziecko zechce kontynuowa\u0107 przygod\u0119, mo\u017ce otrzyma\u0107 w bibliotece now\u0105 Kart\u0119 Ma\u0142ego Czytelnika i jako cz\u0119sty go\u015b\u0107 kontynuowa\u0107 zbieranie naklejek.<\/p>\n\n\n<h4 class=\"fonts-plugin-block \" style=\"font-family: Oswald !important;font-weight: 400 !important;text-align: center !important;color: #016939 !important\">Dlaczego warto odwiedza\u0107 bibliotek\u0119 z dzieckiem?<\/h4>\n\n\n<p class=\"has-text-color has-link-color wp-elements-e9b8a39a87235de45fd82161a3b47ad5 wp-block-paragraph\" style=\"color:#016939\">\u2022 Dziecko mo\u017ce pozna\u0107 wa\u017cne miejsce na mapie dzieci\u0144stwa \u2013 bibliotek\u0119 \u2013 i dzi\u0119ki temu w pe\u0142ni sta\u0107 si\u0119 uczestnikiem \u017cycia kulturalnego.<\/p>\n\n\n\n<p class=\"has-text-color has-link-color wp-elements-3915c69b7b643074438b65b7e220599d wp-block-paragraph\" style=\"color:#016939\">\u2022 Biblioteki oferuj\u0105 nie tylko bezp\u0142atny dost\u0119p do ksi\u0105\u017cek, ale r\u00f3wnie\u017c szerok\u0105 ofert\u0119 kulturaln\u0105. Dzi\u0119ki temu zar\u00f3wno dzieci, jak i rodzice mog\u0105 bra\u0107 udzia\u0142 w rozmaitych zaj\u0119ciach, warsztatach i wydarzeniach organizowanych przez bibliotekarzy.<\/p>\n\n\n\n<p class=\"has-text-color has-link-color wp-elements-d301b6f1f9e9db768a6e1caf01fc85fe wp-block-paragraph\" style=\"color:#016939\">\u2022 Wizyty w bibliotece ucz\u0105 dzieci samodzielno\u015bci, dokonywania w\u0142asnych wybor\u00f3w oraz odpowiedzialno\u015bci za wypo\u017cyczon\u0105 ksi\u0105\u017ck\u0119.<\/p>\n\n\n<h4 class=\"fonts-plugin-block \" style=\"font-family: Oswald !important;font-weight: 400 !important;text-align: center !important;color: #016939 !important\">Pami\u0119tajcie, \u017ce mi\u0142o\u015b\u0107 do czytania jest prezentem na ca\u0142e \u017cycie!<\/h4>\n\n\n<p class=\"has-text-align-center has-text-color has-link-color wp-elements-2f68e38f60b625f7a5b5a42b55b5539a wp-block-paragraph\" style=\"color:#016939\">Kampania \u201eMa\u0142a ksi\u0105\u017cka \u2013 wielki cz\u0142owiek\u201d jest realizowana przez Instytut Ksi\u0105\u017cki ze \u015brodk\u00f3w Ministerstwa Kultury i Dziedzictwa Narodowego. Kampania zosta\u0142a przygotowana w zwi\u0105zku z og\u00f3lnopolsk\u0105 akcj\u0105, w ramach kt\u00f3rej specjalne Wyprawki Czytelnicze s\u0105 przekazywane: rodzicom nowo narodzonych dzieci w szpitalach po\u0142o\u017cniczych, dzieciom w wieku przedszkolnym w bibliotekach publicznych, pierwszoklasistom w szko\u0142ach podstawowych w ca\u0142ej Polsce.<\/p>\n\n\n\n<div style=\"height:19px\" aria-hidden=\"true\" class=\"wp-block-spacer\"><\/div>\n\n\n\n<div class=\"wp-block-essential-blocks-shape-divider  root-eb-shape-divider-ru04p\"><div class=\"eb-parent-wrapper eb-parent-eb-shape-divider-ru04p \"><div class=\"eb-shape-divider-wrapper eb-shape-divider-ru04p\"><div class=\"eb-shape-divider eb-shape-divider-top\" data-shape=\"style_1\" data-negative=\"false\"><svg xmlns=\"http:\/\/www.w3.org\/2000\/svg\" fill=\"none\" viewBox=\"0 0 1000 100\" preserveAspectRatio=\"none\"><g clip-path=\"url(#eb-shape-divider-ocean-wave)\"><path class=\"eb-shape-divider-fill\" fill=\"#715AFF\" d=\"M0 97.79S101.82-.97 283.17 5.23c203.09 0 290.46 94.4 716.83 94.4V0H0v97.79Z\"><\/path><\/g><defs><clipPath id=\"eb-shape-divider-ocean-wave\"><path fill=\"#fff\" class=\"eb-shape-divider-fill\" d=\"M0 0h1000v99.62H0z\"><\/path><\/clipPath><\/defs><\/svg><\/div><\/div><\/div><\/div>\n\n\n\n<p class=\"wp-block-paragraph\"><\/p>\n","protected":false},"excerpt":{"rendered":"<p>Jeste\u015bmy jedn\u0105 z blisko 7000 bibliotek publicznych w Polsce, kt\u00f3re uczestnicz\u0105 w og\u00f3lnopolskiej kampanii \u201eMa\u0142a&#46;&#46;&#46;<\/p>\n","protected":false},"author":1,"featured_media":0,"parent":162,"menu_order":0,"comment_status":"closed","ping_status":"closed","template":"","meta":{"_eb_attr":"","_crdt_document":"","_uag_custom_page_level_css":"","footnotes":""},"class_list":["post-881","page","type-page","status-publish","hentry"],"yoast_head":"<!-- This site is optimized with the Yoast SEO plugin v26.9 - https:\/\/yoast.com\/product\/yoast-seo-wordpress\/ -->\n<title>Ma\u0142a ksi\u0105\u017cka - wielki cz\u0142owiek - GCKSiR W\u0119gliniec<\/title>\n<meta name=\"robots\" content=\"index, follow, max-snippet:-1, max-image-preview:large, max-video-preview:-1\" \/>\n<link rel=\"canonical\" href=\"https:\/\/gcksirwegliniec.pl\/?page_id=881\" \/>\n<meta property=\"og:locale\" content=\"pl_PL\" \/>\n<meta property=\"og:type\" content=\"article\" \/>\n<meta property=\"og:title\" content=\"Ma\u0142a ksi\u0105\u017cka - wielki cz\u0142owiek - GCKSiR W\u0119gliniec\" \/>\n<meta property=\"og:description\" content=\"Jeste\u015bmy jedn\u0105 z blisko 7000 bibliotek publicznych w Polsce, kt\u00f3re uczestnicz\u0105 w og\u00f3lnopolskiej kampanii \u201eMa\u0142a&#046;&#046;&#046;\" \/>\n<meta property=\"og:url\" content=\"https:\/\/gcksirwegliniec.pl\/?page_id=881\" \/>\n<meta property=\"og:site_name\" content=\"GCKSiR W\u0119gliniec\" \/>\n<meta property=\"article:modified_time\" content=\"2026-02-08T09:40:28+00:00\" \/>\n<meta property=\"og:image\" content=\"https:\/\/gcksirwegliniec.pl\/wp-content\/uploads\/2025\/08\/plakat-480x680-DRUK-1maly.png\" \/>\n\t<meta property=\"og:image:width\" content=\"800\" \/>\n\t<meta property=\"og:image:height\" content=\"1117\" \/>\n\t<meta property=\"og:image:type\" content=\"image\/png\" \/>\n<meta name=\"twitter:card\" content=\"summary_large_image\" \/>\n<meta name=\"twitter:label1\" content=\"Szacowany czas czytania\" \/>\n\t<meta name=\"twitter:data1\" content=\"3 minuty\" \/>\n<script type=\"application\/ld+json\" class=\"yoast-schema-graph\">{\"@context\":\"https:\/\/schema.org\",\"@graph\":[{\"@type\":\"WebPage\",\"@id\":\"https:\/\/gcksirwegliniec.pl\/?page_id=881\",\"url\":\"https:\/\/gcksirwegliniec.pl\/?page_id=881\",\"name\":\"Ma\u0142a ksi\u0105\u017cka - wielki cz\u0142owiek - GCKSiR W\u0119gliniec\",\"isPartOf\":{\"@id\":\"https:\/\/gcksirwegliniec.pl\/#website\"},\"primaryImageOfPage\":{\"@id\":\"https:\/\/gcksirwegliniec.pl\/?page_id=881#primaryimage\"},\"image\":{\"@id\":\"https:\/\/gcksirwegliniec.pl\/?page_id=881#primaryimage\"},\"thumbnailUrl\":\"http:\/\/strona.gcksirwegliniec.pl\/wp-content\/uploads\/2025\/08\/plakat-480x680-DRUK-1maly-733x1024.png\",\"datePublished\":\"2025-08-06T12:45:14+00:00\",\"dateModified\":\"2026-02-08T09:40:28+00:00\",\"breadcrumb\":{\"@id\":\"https:\/\/gcksirwegliniec.pl\/?page_id=881#breadcrumb\"},\"inLanguage\":\"pl-PL\",\"potentialAction\":[{\"@type\":\"ReadAction\",\"target\":[\"https:\/\/gcksirwegliniec.pl\/?page_id=881\"]}]},{\"@type\":\"ImageObject\",\"inLanguage\":\"pl-PL\",\"@id\":\"https:\/\/gcksirwegliniec.pl\/?page_id=881#primaryimage\",\"url\":\"http:\/\/strona.gcksirwegliniec.pl\/wp-content\/uploads\/2025\/08\/plakat-480x680-DRUK-1maly-733x1024.png\",\"contentUrl\":\"http:\/\/strona.gcksirwegliniec.pl\/wp-content\/uploads\/2025\/08\/plakat-480x680-DRUK-1maly-733x1024.png\"},{\"@type\":\"BreadcrumbList\",\"@id\":\"https:\/\/gcksirwegliniec.pl\/?page_id=881#breadcrumb\",\"itemListElement\":[{\"@type\":\"ListItem\",\"position\":1,\"name\":\"Home\",\"item\":\"https:\/\/gcksirwegliniec.pl\/\"},{\"@type\":\"ListItem\",\"position\":2,\"name\":\"Biblioteki\",\"item\":\"https:\/\/gcksirwegliniec.pl\/?page_id=162\"},{\"@type\":\"ListItem\",\"position\":3,\"name\":\"Ma\u0142a ksi\u0105\u017cka &#8211; wielki cz\u0142owiek\"}]},{\"@type\":\"WebSite\",\"@id\":\"https:\/\/gcksirwegliniec.pl\/#website\",\"url\":\"https:\/\/gcksirwegliniec.pl\/\",\"name\":\"GCKSiR W\u0119gliniec\",\"description\":\"\",\"publisher\":{\"@id\":\"https:\/\/gcksirwegliniec.pl\/#organization\"},\"potentialAction\":[{\"@type\":\"SearchAction\",\"target\":{\"@type\":\"EntryPoint\",\"urlTemplate\":\"https:\/\/gcksirwegliniec.pl\/?s={search_term_string}\"},\"query-input\":{\"@type\":\"PropertyValueSpecification\",\"valueRequired\":true,\"valueName\":\"search_term_string\"}}],\"inLanguage\":\"pl-PL\"},{\"@type\":\"Organization\",\"@id\":\"https:\/\/gcksirwegliniec.pl\/#organization\",\"name\":\"GCKSiR W\u0119gliniec\",\"url\":\"https:\/\/gcksirwegliniec.pl\/\",\"logo\":{\"@type\":\"ImageObject\",\"inLanguage\":\"pl-PL\",\"@id\":\"https:\/\/gcksirwegliniec.pl\/#\/schema\/logo\/image\/\",\"url\":\"https:\/\/gcksirwegliniec.pl\/wp-content\/uploads\/2025\/08\/cropped-A790B771-B708-480A-B996-7A8B9BB2ABCE.jpeg\",\"contentUrl\":\"https:\/\/gcksirwegliniec.pl\/wp-content\/uploads\/2025\/08\/cropped-A790B771-B708-480A-B996-7A8B9BB2ABCE.jpeg\",\"width\":689,\"height\":435,\"caption\":\"GCKSiR W\u0119gliniec\"},\"image\":{\"@id\":\"https:\/\/gcksirwegliniec.pl\/#\/schema\/logo\/image\/\"}}]}<\/script>\n<!-- \/ Yoast SEO plugin. -->","yoast_head_json":{"title":"Ma\u0142a ksi\u0105\u017cka - wielki cz\u0142owiek - GCKSiR W\u0119gliniec","robots":{"index":"index","follow":"follow","max-snippet":"max-snippet:-1","max-image-preview":"max-image-preview:large","max-video-preview":"max-video-preview:-1"},"canonical":"https:\/\/gcksirwegliniec.pl\/?page_id=881","og_locale":"pl_PL","og_type":"article","og_title":"Ma\u0142a ksi\u0105\u017cka - wielki cz\u0142owiek - GCKSiR W\u0119gliniec","og_description":"Jeste\u015bmy jedn\u0105 z blisko 7000 bibliotek publicznych w Polsce, kt\u00f3re uczestnicz\u0105 w og\u00f3lnopolskiej kampanii \u201eMa\u0142a&#46;&#46;&#46;","og_url":"https:\/\/gcksirwegliniec.pl\/?page_id=881","og_site_name":"GCKSiR W\u0119gliniec","article_modified_time":"2026-02-08T09:40:28+00:00","og_image":[{"width":800,"height":1117,"url":"https:\/\/gcksirwegliniec.pl\/wp-content\/uploads\/2025\/08\/plakat-480x680-DRUK-1maly.png","type":"image\/png"}],"twitter_card":"summary_large_image","twitter_misc":{"Szacowany czas czytania":"3 minuty"},"schema":{"@context":"https:\/\/schema.org","@graph":[{"@type":"WebPage","@id":"https:\/\/gcksirwegliniec.pl\/?page_id=881","url":"https:\/\/gcksirwegliniec.pl\/?page_id=881","name":"Ma\u0142a ksi\u0105\u017cka - wielki cz\u0142owiek - GCKSiR W\u0119gliniec","isPartOf":{"@id":"https:\/\/gcksirwegliniec.pl\/#website"},"primaryImageOfPage":{"@id":"https:\/\/gcksirwegliniec.pl\/?page_id=881#primaryimage"},"image":{"@id":"https:\/\/gcksirwegliniec.pl\/?page_id=881#primaryimage"},"thumbnailUrl":"http:\/\/strona.gcksirwegliniec.pl\/wp-content\/uploads\/2025\/08\/plakat-480x680-DRUK-1maly-733x1024.png","datePublished":"2025-08-06T12:45:14+00:00","dateModified":"2026-02-08T09:40:28+00:00","breadcrumb":{"@id":"https:\/\/gcksirwegliniec.pl\/?page_id=881#breadcrumb"},"inLanguage":"pl-PL","potentialAction":[{"@type":"ReadAction","target":["https:\/\/gcksirwegliniec.pl\/?page_id=881"]}]},{"@type":"ImageObject","inLanguage":"pl-PL","@id":"https:\/\/gcksirwegliniec.pl\/?page_id=881#primaryimage","url":"http:\/\/strona.gcksirwegliniec.pl\/wp-content\/uploads\/2025\/08\/plakat-480x680-DRUK-1maly-733x1024.png","contentUrl":"http:\/\/strona.gcksirwegliniec.pl\/wp-content\/uploads\/2025\/08\/plakat-480x680-DRUK-1maly-733x1024.png"},{"@type":"BreadcrumbList","@id":"https:\/\/gcksirwegliniec.pl\/?page_id=881#breadcrumb","itemListElement":[{"@type":"ListItem","position":1,"name":"Home","item":"https:\/\/gcksirwegliniec.pl\/"},{"@type":"ListItem","position":2,"name":"Biblioteki","item":"https:\/\/gcksirwegliniec.pl\/?page_id=162"},{"@type":"ListItem","position":3,"name":"Ma\u0142a ksi\u0105\u017cka &#8211; wielki cz\u0142owiek"}]},{"@type":"WebSite","@id":"https:\/\/gcksirwegliniec.pl\/#website","url":"https:\/\/gcksirwegliniec.pl\/","name":"GCKSiR W\u0119gliniec","description":"","publisher":{"@id":"https:\/\/gcksirwegliniec.pl\/#organization"},"potentialAction":[{"@type":"SearchAction","target":{"@type":"EntryPoint","urlTemplate":"https:\/\/gcksirwegliniec.pl\/?s={search_term_string}"},"query-input":{"@type":"PropertyValueSpecification","valueRequired":true,"valueName":"search_term_string"}}],"inLanguage":"pl-PL"},{"@type":"Organization","@id":"https:\/\/gcksirwegliniec.pl\/#organization","name":"GCKSiR W\u0119gliniec","url":"https:\/\/gcksirwegliniec.pl\/","logo":{"@type":"ImageObject","inLanguage":"pl-PL","@id":"https:\/\/gcksirwegliniec.pl\/#\/schema\/logo\/image\/","url":"https:\/\/gcksirwegliniec.pl\/wp-content\/uploads\/2025\/08\/cropped-A790B771-B708-480A-B996-7A8B9BB2ABCE.jpeg","contentUrl":"https:\/\/gcksirwegliniec.pl\/wp-content\/uploads\/2025\/08\/cropped-A790B771-B708-480A-B996-7A8B9BB2ABCE.jpeg","width":689,"height":435,"caption":"GCKSiR W\u0119gliniec"},"image":{"@id":"https:\/\/gcksirwegliniec.pl\/#\/schema\/logo\/image\/"}}]}},"uagb_featured_image_src":{"full":false,"thumbnail":false,"medium":false,"medium_large":false,"large":false,"1536x1536":false,"2048x2048":false,"thumb-small":false,"thumb-standard":false,"thumb-medium":false,"thumb-large":false,"thumb-xlarge":false,"thumb-xxlarge":false,"thumb-large-no-crop":false,"thumb-medium-no-crop":false,"thumb-standard-no-crop":false,"mailpoet_newsletter_max":false,"woocommerce_thumbnail":false,"woocommerce_single":false,"woocommerce_gallery_thumbnail":false},"uagb_author_info":{"display_name":"admin","author_link":"https:\/\/gcksirwegliniec.pl\/?author=1"},"uagb_comment_info":0,"uagb_excerpt":"Jeste\u015bmy jedn\u0105 z blisko 7000 bibliotek publicznych w Polsce, kt\u00f3re uczestnicz\u0105 w og\u00f3lnopolskiej kampanii \u201eMa\u0142a&#46;&#46;&#46;","jetpack_sharing_enabled":true,"_links":{"self":[{"href":"https:\/\/gcksirwegliniec.pl\/index.php?rest_route=\/wp\/v2\/pages\/881","targetHints":{"allow":["GET"]}}],"collection":[{"href":"https:\/\/gcksirwegliniec.pl\/index.php?rest_route=\/wp\/v2\/pages"}],"about":[{"href":"https:\/\/gcksirwegliniec.pl\/index.php?rest_route=\/wp\/v2\/types\/page"}],"author":[{"embeddable":true,"href":"https:\/\/gcksirwegliniec.pl\/index.php?rest_route=\/wp\/v2\/users\/1"}],"replies":[{"embeddable":true,"href":"https:\/\/gcksirwegliniec.pl\/index.php?rest_route=%2Fwp%2Fv2%2Fcomments&post=881"}],"version-history":[{"count":9,"href":"https:\/\/gcksirwegliniec.pl\/index.php?rest_route=\/wp\/v2\/pages\/881\/revisions"}],"predecessor-version":[{"id":4640,"href":"https:\/\/gcksirwegliniec.pl\/index.php?rest_route=\/wp\/v2\/pages\/881\/revisions\/4640"}],"up":[{"embeddable":true,"href":"https:\/\/gcksirwegliniec.pl\/index.php?rest_route=\/wp\/v2\/pages\/162"}],"wp:attachment":[{"href":"https:\/\/gcksirwegliniec.pl\/index.php?rest_route=%2Fwp%2Fv2%2Fmedia&parent=881"}],"curies":[{"name":"wp","href":"https:\/\/api.w.org\/{rel}","templated":true}]}}