{"id":1314,"date":"2025-08-10T19:55:58","date_gmt":"2025-08-10T17:55:58","guid":{"rendered":"http:\/\/strona.gcksirwegliniec.pl\/?page_id=1314"},"modified":"2026-01-18T13:35:42","modified_gmt":"2026-01-18T12:35:42","slug":"biblioteczka-kresowa","status":"publish","type":"page","link":"https:\/\/gcksirwegliniec.pl\/?page_id=1314","title":{"rendered":"Biblioteczka Kresowa"},"content":{"rendered":"<h1 class=\"fonts-plugin-block \" style=\"font-family: Oswald !important;font-weight: 400 !important;text-align: center !important;color: #016939 !important\">Biblioteczka kresowa<\/h1>\n\n\n<div style=\"height:15px\" aria-hidden=\"true\" class=\"wp-block-spacer\"><\/div>\n\n\n<div class=\"wp-block-image\">\n<figure class=\"aligncenter size-large is-resized\"><img loading=\"lazy\" decoding=\"async\" width=\"851\" height=\"1024\" src=\"http:\/\/strona.gcksirwegliniec.pl\/wp-content\/uploads\/2025\/08\/B1609DE0-809E-41FF-A3FB-33AB7B13856E-851x1024.jpeg\" alt=\"Ok\u0142adki dw\u00f3ch ksi\u0105\u017cek: &quot;Dziewczyny z Wo\u0142ynia&quot;, &quot;Wo\u0142y\u0144 bez lito\u015bci&quot;\" class=\"wp-image-1306\" style=\"aspect-ratio:0.8310588906161208;width:470px;height:auto\" srcset=\"https:\/\/gcksirwegliniec.pl\/wp-content\/uploads\/2025\/08\/B1609DE0-809E-41FF-A3FB-33AB7B13856E-851x1024.jpeg 851w, https:\/\/gcksirwegliniec.pl\/wp-content\/uploads\/2025\/08\/B1609DE0-809E-41FF-A3FB-33AB7B13856E-600x722.jpeg 600w, https:\/\/gcksirwegliniec.pl\/wp-content\/uploads\/2025\/08\/B1609DE0-809E-41FF-A3FB-33AB7B13856E-249x300.jpeg 249w, https:\/\/gcksirwegliniec.pl\/wp-content\/uploads\/2025\/08\/B1609DE0-809E-41FF-A3FB-33AB7B13856E-768x924.jpeg 768w, https:\/\/gcksirwegliniec.pl\/wp-content\/uploads\/2025\/08\/B1609DE0-809E-41FF-A3FB-33AB7B13856E.jpeg 1080w\" sizes=\"auto, (max-width: 851px) 100vw, 851px\" \/><\/figure>\n<\/div>\n\n\n<div style=\"height:22px\" aria-hidden=\"true\" class=\"wp-block-spacer\"><\/div>\n\n\n\n<p class=\"has-text-align-center has-text-color has-link-color wp-elements-b2c6b063f28c5fb2a194ba4ec22a845e wp-block-paragraph\" style=\"color:#016939\">W Bibliotece Publicznej w W\u0119gli\u0144cu dnia 11 lipca 2025 r. otworzyli\u015bmy Biblioteczk\u0119 Kresow\u0105. Celem tej inicjatywy jest gromadzenie literatury dokumentuj\u0105cej nie tylko tragiczne wydarzenia jakie mia\u0142y miejsce na Wo\u0142yniu i w Ma\u0142opolsce Wschodniej w latach 1939-1946, ale tak\u017ce literatury przybli\u017caj\u0105cej \u017cycie jakie toczy\u0142o si\u0119 na Kresach. Zasadno\u015b\u0107 podj\u0119cia tej inicjatywy le\u017cy w pochodzeniu wielu mieszka\u0144c\u00f3w W\u0119gli\u0144ca i okolic. Pog\u0142\u0119bianie wiedzy w tym obszarze przyczyni si\u0119 do kszta\u0142towania to\u017csamo\u015bci lokalnej i narodowej mieszka\u0144c\u00f3w.<\/p>\n\n\n<h5 class=\"fonts-plugin-block \" style=\"font-family: Oswald !important;font-weight: 400 !important;text-align: center !important;color: #016939 !important\">Z ogromn\u0105 rado\u015bci\u0105 przyj\u0119li\u015bmy dar od pana Alfreda Janickiego &#8211; zas\u0142u\u017conego mieszka\u0144ca W\u0119gli\u0144ca w postaci cennych ksi\u0105\u017cek dotycz\u0105cych integralnego nacjonalizmu ukrai\u0144skiego. Te rzadkie publikacje b\u0119d\u0105 dost\u0119pne do wgl\u0105du na miejscu w bibliotece.<\/h5>\n\n\n<div style=\"height:22px\" aria-hidden=\"true\" class=\"wp-block-spacer\"><\/div>\n\n\n\n<figure class=\"wp-block-gallery has-nested-images columns-default is-cropped wp-block-gallery-1 is-layout-flex wp-block-gallery-is-layout-flex\">\n<figure class=\"wp-block-image size-large\"><img loading=\"lazy\" decoding=\"async\" width=\"720\" height=\"960\" data-id=\"365\" src=\"http:\/\/strona.gcksirwegliniec.pl\/wp-content\/uploads\/2025\/07\/516893774_1317090940422547_9211725925987903491_n.jpg\" alt=\"Biblioteczka Kresowa z widokiem na poszczeg\u00f3lne ksi\u0105\u017cki\" class=\"wp-image-365\" srcset=\"https:\/\/gcksirwegliniec.pl\/wp-content\/uploads\/2025\/07\/516893774_1317090940422547_9211725925987903491_n.jpg 720w, https:\/\/gcksirwegliniec.pl\/wp-content\/uploads\/2025\/07\/516893774_1317090940422547_9211725925987903491_n-600x800.jpg 600w, https:\/\/gcksirwegliniec.pl\/wp-content\/uploads\/2025\/07\/516893774_1317090940422547_9211725925987903491_n-225x300.jpg 225w\" sizes=\"auto, (max-width: 720px) 100vw, 720px\" \/><\/figure>\n\n\n\n<figure class=\"wp-block-image size-large\"><img loading=\"lazy\" decoding=\"async\" width=\"720\" height=\"960\" data-id=\"367\" src=\"http:\/\/strona.gcksirwegliniec.pl\/wp-content\/uploads\/2025\/07\/517599749_1317091007089207_545651306885053754_n.jpg\" alt=\"Pan Burmistrz Gminy i Miasta W\u0119gliniec Mariusz Wieczorek oraz pan Alfred Janicki - zas\u0142u\u017cony mieszkaniec W\u0119gli\u0144ca\" class=\"wp-image-367\" srcset=\"https:\/\/gcksirwegliniec.pl\/wp-content\/uploads\/2025\/07\/517599749_1317091007089207_545651306885053754_n.jpg 720w, https:\/\/gcksirwegliniec.pl\/wp-content\/uploads\/2025\/07\/517599749_1317091007089207_545651306885053754_n-600x800.jpg 600w, https:\/\/gcksirwegliniec.pl\/wp-content\/uploads\/2025\/07\/517599749_1317091007089207_545651306885053754_n-225x300.jpg 225w\" sizes=\"auto, (max-width: 720px) 100vw, 720px\" \/><\/figure>\n\n\n\n<figure class=\"wp-block-image size-large\"><img loading=\"lazy\" decoding=\"async\" width=\"1024\" height=\"768\" data-id=\"366\" src=\"http:\/\/strona.gcksirwegliniec.pl\/wp-content\/uploads\/2025\/07\/517428633_1317091310422510_2048404450756085930_n-1024x768.jpg\" alt=\"Zesp\u00f3\u0142 Podolanie\" class=\"wp-image-366\" srcset=\"https:\/\/gcksirwegliniec.pl\/wp-content\/uploads\/2025\/07\/517428633_1317091310422510_2048404450756085930_n-1024x768.jpg 1024w, https:\/\/gcksirwegliniec.pl\/wp-content\/uploads\/2025\/07\/517428633_1317091310422510_2048404450756085930_n-600x450.jpg 600w, https:\/\/gcksirwegliniec.pl\/wp-content\/uploads\/2025\/07\/517428633_1317091310422510_2048404450756085930_n-300x225.jpg 300w, https:\/\/gcksirwegliniec.pl\/wp-content\/uploads\/2025\/07\/517428633_1317091310422510_2048404450756085930_n-768x576.jpg 768w, https:\/\/gcksirwegliniec.pl\/wp-content\/uploads\/2025\/07\/517428633_1317091310422510_2048404450756085930_n.jpg 1200w\" sizes=\"auto, (max-width: 1024px) 100vw, 1024px\" \/><\/figure>\n\n\n\n<figure class=\"wp-block-image size-large\"><img loading=\"lazy\" decoding=\"async\" width=\"1024\" height=\"577\" data-id=\"364\" src=\"http:\/\/strona.gcksirwegliniec.pl\/wp-content\/uploads\/2025\/07\/516754748_1317090893755885_7693305980775342209_n-1024x577.jpg\" alt=\"Zdj\u0119cie grupowe uczestnik\u00f3w, kt\u00f3rzy wzi\u0119li udzia\u0142 w otwarciu Biblioteczki Kresowej\" class=\"wp-image-364\" srcset=\"https:\/\/gcksirwegliniec.pl\/wp-content\/uploads\/2025\/07\/516754748_1317090893755885_7693305980775342209_n-1024x577.jpg 1024w, https:\/\/gcksirwegliniec.pl\/wp-content\/uploads\/2025\/07\/516754748_1317090893755885_7693305980775342209_n-600x338.jpg 600w, https:\/\/gcksirwegliniec.pl\/wp-content\/uploads\/2025\/07\/516754748_1317090893755885_7693305980775342209_n-300x169.jpg 300w, https:\/\/gcksirwegliniec.pl\/wp-content\/uploads\/2025\/07\/516754748_1317090893755885_7693305980775342209_n-768x433.jpg 768w, https:\/\/gcksirwegliniec.pl\/wp-content\/uploads\/2025\/07\/516754748_1317090893755885_7693305980775342209_n.jpg 1200w\" sizes=\"auto, (max-width: 1024px) 100vw, 1024px\" \/><\/figure>\n<\/figure>\n\n\n\n<div style=\"height:28px\" aria-hidden=\"true\" class=\"wp-block-spacer\"><\/div>\n\n\n\n<p class=\"has-text-align-center has-text-color has-link-color wp-elements-e0580555d428fdb5e6f2c169885b3403 wp-block-paragraph\" style=\"color:#016939\">Zapraszamy do korzystania ze zbior\u00f3w, kt\u00f3re z czasem b\u0119d\u0119 powi\u0119kszane o kolejne pozycje.<\/p>\n\n\n\n<div style=\"height:9px\" aria-hidden=\"true\" class=\"wp-block-spacer\"><\/div>\n\n\n<h3 class=\"fonts-plugin-block \" style=\"font-family: Oswald !important;font-weight: 300 !important;text-align: center !important;color: #016939 !important\">Szczeg\u00f3lnie polecamy!<\/h3>\n\n\n<div style=\"height:18px\" aria-hidden=\"true\" class=\"wp-block-spacer\"><\/div>\n\n\n\n<div class=\"wp-block-essential-blocks-row  root-eb-row-57kma\"><div class=\"eb-parent-wrapper eb-parent-eb-row-57kma \"><div class=\"eb-row-root-container eb-row-57kma\" data-id=\"eb-row-57kma\"><div class=\"eb-row-wrapper\"><div class=\"eb-row-inner\">\n<div class=\"wp-block-essential-blocks-column  root-eb-column-8mw4c\"><div class=\"eb-parent-wrapper eb-parent-eb-column-8mw4c \"><div class=\"eb-column-wrapper eb-column-8mw4c\"><div class=\"eb-column-inner\">\n<div style=\"height:15px\" aria-hidden=\"true\" class=\"wp-block-spacer\"><\/div>\n\n\n<h4 class=\"fonts-plugin-block \" style=\"font-family: Oswald !important;font-weight: 400 !important;text-align: center !important;color: #016939 !important\">&#8222;Armia Krajowa na Wo\u0142yniu czyli zdrady nie by\u0142o&#8221; <br>Marek A. Koprowski<\/h4>\n\n\n<div style=\"height:14px\" aria-hidden=\"true\" class=\"wp-block-spacer\"><\/div>\n\n\n<div class=\"wp-block-image\">\n<figure class=\"aligncenter size-full is-resized\"><img loading=\"lazy\" decoding=\"async\" width=\"468\" height=\"674\" src=\"https:\/\/gcksirwegliniec.pl\/wp-content\/uploads\/2025\/08\/Zrzut-ekranu-2026-01-18-o-13.26.21.png\" alt=\"\" class=\"wp-image-4265\" style=\"aspect-ratio:0.7039815018521862;width:210px;height:auto\" srcset=\"https:\/\/gcksirwegliniec.pl\/wp-content\/uploads\/2025\/08\/Zrzut-ekranu-2026-01-18-o-13.26.21.png 468w, https:\/\/gcksirwegliniec.pl\/wp-content\/uploads\/2025\/08\/Zrzut-ekranu-2026-01-18-o-13.26.21-208x300.png 208w, https:\/\/gcksirwegliniec.pl\/wp-content\/uploads\/2025\/08\/Zrzut-ekranu-2026-01-18-o-13.26.21-320x461.png 320w\" sizes=\"auto, (max-width: 468px) 100vw, 468px\" \/><\/figure>\n<\/div><\/div><\/div><\/div><\/div>\n\n\n\n<div class=\"wp-block-essential-blocks-column  root-eb-column-d1qsg\"><div class=\"eb-parent-wrapper eb-parent-eb-column-d1qsg \"><div class=\"eb-column-wrapper eb-column-d1qsg\"><div class=\"eb-column-inner\">\n<div style=\"height:15px\" aria-hidden=\"true\" class=\"wp-block-spacer\"><\/div>\n\n\n\n<p class=\"has-text-align-left has-text-color has-link-color wp-elements-2fdf344b12f1fbcba2c3ce8bdd598497 wp-block-paragraph\" style=\"color:#016939\">To nieprawda, \u017ce Armia Krajowa zdradzi\u0142a Wo\u0142y\u0144<br>Niniejsza publikacja powsta\u0142a za spraw\u0105 \u015brodowiska Wo\u0142yniak\u00f3w. Dla tych, kt\u00f3rych przodkowie z broni\u0105 w r\u0119ku stan\u0119li w obronie polsko\u015bci na tamtych ziemiach, teza, i\u017c dow\u00f3dztwo AK porzuci\u0142o Polak\u00f3w na pastw\u0119 UPA, stanowi bolesn\u0105 zniewag\u0119.<br>Wo\u0142y\u0144 nie zosta\u0142 zdradzony. Struktury konspiracyjne ZWZ-AK uczyni\u0142y wszystko, co w tamtym momencie zrobi\u0107 mog\u0142y, dla ratowania polskiej ludno\u015bci zagro\u017conej ukrai\u0144skim ludob\u00f3jstwem.<br>Setki \u017co\u0142nierzy konspiracji, kt\u00f3rzy oddali \u017cycie, spoczywaj\u0105 na cmentarzach w Przebra\u017cu, Zasmykach i Rymaczach. Bia\u0142e krzy\u017ce na ich mogi\u0142ach zdaj\u0105 si\u0119 m\u00f3wi\u0107 odwiedzaj\u0105cym te nekropolie: \u201ePrzechodniu, pami\u0119taj, \u017ce tu kiedy\u015b by\u0142a Polska!\u201d Gdyby nie te wojskowe cmentarze, zupe\u0142nie nic, \u017cadne groby, nie przypomina\u0142yby o tragedii ludno\u015bci polskiej, kt\u00f3ra rozegra\u0142a si\u0119 na tej ziemi.<br>Druga cz\u0119\u015b\u0107 ksi\u0105\u017cki przybli\u017ca postacie pi\u0119tnastu \u017co\u0142nierzy podziemia. Stan\u0119li oni w obronie mieszka\u0144c\u00f3w polskich wsi, ratuj\u0105c ich przed eksterminacj\u0105 z r\u0105k Ukrai\u0144c\u00f3w. Ich portrety pozwalaj\u0105 wyrobi\u0107 sobie w\u0142asne zdanie na temat roli ZWZ-AK na Wo\u0142yniu.<br>AK nie zdradzi\u0142a Wo\u0142ynia. Jej \u017co\u0142nierze, jak pisze W\u0142adys\u0142aw Filar, stan\u0119li do walki \u201ew obronie polsko\u015bci, wiary i godno\u015bci ludzkiej\u201d. Na szarganie ich dobrego imienia zgody by\u0107 nie mo\u017ce!<\/p>\n<\/div><\/div><\/div><\/div>\n<\/div><\/div><\/div><\/div><\/div>\n\n\n\n<div style=\"height:18px\" aria-hidden=\"true\" class=\"wp-block-spacer\"><\/div>\n\n\n\n<div class=\"wp-block-essential-blocks-shape-divider  root-eb-shape-divider-rry83\"><div class=\"eb-parent-wrapper eb-parent-eb-shape-divider-rry83 \"><div class=\"eb-shape-divider-wrapper eb-shape-divider-rry83\"><div class=\"eb-shape-divider eb-shape-divider-top\" data-shape=\"style_1\" data-negative=\"false\"><svg xmlns=\"http:\/\/www.w3.org\/2000\/svg\" fill=\"none\" viewBox=\"0 0 1000 100\" preserveAspectRatio=\"none\"><g clip-path=\"url(#eb-shape-divider-ocean-wave)\"><path class=\"eb-shape-divider-fill\" fill=\"#715AFF\" d=\"M0 97.79S101.82-.97 283.17 5.23c203.09 0 290.46 94.4 716.83 94.4V0H0v97.79Z\"><\/path><\/g><defs><clipPath id=\"eb-shape-divider-ocean-wave\"><path fill=\"#fff\" class=\"eb-shape-divider-fill\" d=\"M0 0h1000v99.62H0z\"><\/path><\/clipPath><\/defs><\/svg><\/div><\/div><\/div><\/div>\n","protected":false},"excerpt":{"rendered":"<p>W Bibliotece Publicznej w W\u0119gli\u0144cu dnia 11 lipca 2025 r. otworzyli\u015bmy Biblioteczk\u0119 Kresow\u0105. Celem tej&#46;&#46;&#46;<\/p>\n","protected":false},"author":1,"featured_media":0,"parent":0,"menu_order":0,"comment_status":"closed","ping_status":"closed","template":"","meta":{"_eb_attr":"","_crdt_document":"","_uag_custom_page_level_css":"","footnotes":""},"class_list":["post-1314","page","type-page","status-publish","hentry"],"yoast_head":"<!-- This site is optimized with the Yoast SEO plugin v26.9 - https:\/\/yoast.com\/product\/yoast-seo-wordpress\/ -->\n<title>Biblioteczka Kresowa - GCKSiR W\u0119gliniec<\/title>\n<meta name=\"robots\" content=\"index, follow, max-snippet:-1, max-image-preview:large, max-video-preview:-1\" \/>\n<link rel=\"canonical\" href=\"https:\/\/gcksirwegliniec.pl\/?page_id=1314\" \/>\n<meta property=\"og:locale\" content=\"pl_PL\" \/>\n<meta property=\"og:type\" content=\"article\" \/>\n<meta property=\"og:title\" content=\"Biblioteczka Kresowa - GCKSiR W\u0119gliniec\" \/>\n<meta property=\"og:description\" content=\"W Bibliotece Publicznej w W\u0119gli\u0144cu dnia 11 lipca 2025 r. otworzyli\u015bmy Biblioteczk\u0119 Kresow\u0105. Celem tej&#046;&#046;&#046;\" \/>\n<meta property=\"og:url\" content=\"https:\/\/gcksirwegliniec.pl\/?page_id=1314\" \/>\n<meta property=\"og:site_name\" content=\"GCKSiR W\u0119gliniec\" \/>\n<meta property=\"article:modified_time\" content=\"2026-01-18T12:35:42+00:00\" \/>\n<meta property=\"og:image\" content=\"https:\/\/gcksirwegliniec.pl\/wp-content\/uploads\/2025\/08\/B1609DE0-809E-41FF-A3FB-33AB7B13856E.jpeg\" \/>\n\t<meta property=\"og:image:width\" content=\"1080\" \/>\n\t<meta property=\"og:image:height\" content=\"1300\" \/>\n\t<meta property=\"og:image:type\" content=\"image\/jpeg\" \/>\n<meta name=\"twitter:card\" content=\"summary_large_image\" \/>\n<meta name=\"twitter:label1\" content=\"Szacowany czas czytania\" \/>\n\t<meta name=\"twitter:data1\" content=\"4 minuty\" \/>\n<script type=\"application\/ld+json\" class=\"yoast-schema-graph\">{\"@context\":\"https:\/\/schema.org\",\"@graph\":[{\"@type\":\"WebPage\",\"@id\":\"https:\/\/gcksirwegliniec.pl\/?page_id=1314\",\"url\":\"https:\/\/gcksirwegliniec.pl\/?page_id=1314\",\"name\":\"Biblioteczka Kresowa - GCKSiR W\u0119gliniec\",\"isPartOf\":{\"@id\":\"https:\/\/gcksirwegliniec.pl\/#website\"},\"primaryImageOfPage\":{\"@id\":\"https:\/\/gcksirwegliniec.pl\/?page_id=1314#primaryimage\"},\"image\":{\"@id\":\"https:\/\/gcksirwegliniec.pl\/?page_id=1314#primaryimage\"},\"thumbnailUrl\":\"http:\/\/strona.gcksirwegliniec.pl\/wp-content\/uploads\/2025\/08\/B1609DE0-809E-41FF-A3FB-33AB7B13856E-851x1024.jpeg\",\"datePublished\":\"2025-08-10T17:55:58+00:00\",\"dateModified\":\"2026-01-18T12:35:42+00:00\",\"breadcrumb\":{\"@id\":\"https:\/\/gcksirwegliniec.pl\/?page_id=1314#breadcrumb\"},\"inLanguage\":\"pl-PL\",\"potentialAction\":[{\"@type\":\"ReadAction\",\"target\":[\"https:\/\/gcksirwegliniec.pl\/?page_id=1314\"]}]},{\"@type\":\"ImageObject\",\"inLanguage\":\"pl-PL\",\"@id\":\"https:\/\/gcksirwegliniec.pl\/?page_id=1314#primaryimage\",\"url\":\"http:\/\/strona.gcksirwegliniec.pl\/wp-content\/uploads\/2025\/08\/B1609DE0-809E-41FF-A3FB-33AB7B13856E-851x1024.jpeg\",\"contentUrl\":\"http:\/\/strona.gcksirwegliniec.pl\/wp-content\/uploads\/2025\/08\/B1609DE0-809E-41FF-A3FB-33AB7B13856E-851x1024.jpeg\"},{\"@type\":\"BreadcrumbList\",\"@id\":\"https:\/\/gcksirwegliniec.pl\/?page_id=1314#breadcrumb\",\"itemListElement\":[{\"@type\":\"ListItem\",\"position\":1,\"name\":\"Home\",\"item\":\"https:\/\/gcksirwegliniec.pl\/\"},{\"@type\":\"ListItem\",\"position\":2,\"name\":\"Biblioteczka Kresowa\"}]},{\"@type\":\"WebSite\",\"@id\":\"https:\/\/gcksirwegliniec.pl\/#website\",\"url\":\"https:\/\/gcksirwegliniec.pl\/\",\"name\":\"GCKSiR W\u0119gliniec\",\"description\":\"\",\"publisher\":{\"@id\":\"https:\/\/gcksirwegliniec.pl\/#organization\"},\"potentialAction\":[{\"@type\":\"SearchAction\",\"target\":{\"@type\":\"EntryPoint\",\"urlTemplate\":\"https:\/\/gcksirwegliniec.pl\/?s={search_term_string}\"},\"query-input\":{\"@type\":\"PropertyValueSpecification\",\"valueRequired\":true,\"valueName\":\"search_term_string\"}}],\"inLanguage\":\"pl-PL\"},{\"@type\":\"Organization\",\"@id\":\"https:\/\/gcksirwegliniec.pl\/#organization\",\"name\":\"GCKSiR W\u0119gliniec\",\"url\":\"https:\/\/gcksirwegliniec.pl\/\",\"logo\":{\"@type\":\"ImageObject\",\"inLanguage\":\"pl-PL\",\"@id\":\"https:\/\/gcksirwegliniec.pl\/#\/schema\/logo\/image\/\",\"url\":\"https:\/\/gcksirwegliniec.pl\/wp-content\/uploads\/2025\/08\/cropped-A790B771-B708-480A-B996-7A8B9BB2ABCE.jpeg\",\"contentUrl\":\"https:\/\/gcksirwegliniec.pl\/wp-content\/uploads\/2025\/08\/cropped-A790B771-B708-480A-B996-7A8B9BB2ABCE.jpeg\",\"width\":689,\"height\":435,\"caption\":\"GCKSiR W\u0119gliniec\"},\"image\":{\"@id\":\"https:\/\/gcksirwegliniec.pl\/#\/schema\/logo\/image\/\"}}]}<\/script>\n<!-- \/ Yoast SEO plugin. -->","yoast_head_json":{"title":"Biblioteczka Kresowa - GCKSiR W\u0119gliniec","robots":{"index":"index","follow":"follow","max-snippet":"max-snippet:-1","max-image-preview":"max-image-preview:large","max-video-preview":"max-video-preview:-1"},"canonical":"https:\/\/gcksirwegliniec.pl\/?page_id=1314","og_locale":"pl_PL","og_type":"article","og_title":"Biblioteczka Kresowa - GCKSiR W\u0119gliniec","og_description":"W Bibliotece Publicznej w W\u0119gli\u0144cu dnia 11 lipca 2025 r. otworzyli\u015bmy Biblioteczk\u0119 Kresow\u0105. Celem tej&#46;&#46;&#46;","og_url":"https:\/\/gcksirwegliniec.pl\/?page_id=1314","og_site_name":"GCKSiR W\u0119gliniec","article_modified_time":"2026-01-18T12:35:42+00:00","og_image":[{"width":1080,"height":1300,"url":"https:\/\/gcksirwegliniec.pl\/wp-content\/uploads\/2025\/08\/B1609DE0-809E-41FF-A3FB-33AB7B13856E.jpeg","type":"image\/jpeg"}],"twitter_card":"summary_large_image","twitter_misc":{"Szacowany czas czytania":"4 minuty"},"schema":{"@context":"https:\/\/schema.org","@graph":[{"@type":"WebPage","@id":"https:\/\/gcksirwegliniec.pl\/?page_id=1314","url":"https:\/\/gcksirwegliniec.pl\/?page_id=1314","name":"Biblioteczka Kresowa - GCKSiR W\u0119gliniec","isPartOf":{"@id":"https:\/\/gcksirwegliniec.pl\/#website"},"primaryImageOfPage":{"@id":"https:\/\/gcksirwegliniec.pl\/?page_id=1314#primaryimage"},"image":{"@id":"https:\/\/gcksirwegliniec.pl\/?page_id=1314#primaryimage"},"thumbnailUrl":"http:\/\/strona.gcksirwegliniec.pl\/wp-content\/uploads\/2025\/08\/B1609DE0-809E-41FF-A3FB-33AB7B13856E-851x1024.jpeg","datePublished":"2025-08-10T17:55:58+00:00","dateModified":"2026-01-18T12:35:42+00:00","breadcrumb":{"@id":"https:\/\/gcksirwegliniec.pl\/?page_id=1314#breadcrumb"},"inLanguage":"pl-PL","potentialAction":[{"@type":"ReadAction","target":["https:\/\/gcksirwegliniec.pl\/?page_id=1314"]}]},{"@type":"ImageObject","inLanguage":"pl-PL","@id":"https:\/\/gcksirwegliniec.pl\/?page_id=1314#primaryimage","url":"http:\/\/strona.gcksirwegliniec.pl\/wp-content\/uploads\/2025\/08\/B1609DE0-809E-41FF-A3FB-33AB7B13856E-851x1024.jpeg","contentUrl":"http:\/\/strona.gcksirwegliniec.pl\/wp-content\/uploads\/2025\/08\/B1609DE0-809E-41FF-A3FB-33AB7B13856E-851x1024.jpeg"},{"@type":"BreadcrumbList","@id":"https:\/\/gcksirwegliniec.pl\/?page_id=1314#breadcrumb","itemListElement":[{"@type":"ListItem","position":1,"name":"Home","item":"https:\/\/gcksirwegliniec.pl\/"},{"@type":"ListItem","position":2,"name":"Biblioteczka Kresowa"}]},{"@type":"WebSite","@id":"https:\/\/gcksirwegliniec.pl\/#website","url":"https:\/\/gcksirwegliniec.pl\/","name":"GCKSiR W\u0119gliniec","description":"","publisher":{"@id":"https:\/\/gcksirwegliniec.pl\/#organization"},"potentialAction":[{"@type":"SearchAction","target":{"@type":"EntryPoint","urlTemplate":"https:\/\/gcksirwegliniec.pl\/?s={search_term_string}"},"query-input":{"@type":"PropertyValueSpecification","valueRequired":true,"valueName":"search_term_string"}}],"inLanguage":"pl-PL"},{"@type":"Organization","@id":"https:\/\/gcksirwegliniec.pl\/#organization","name":"GCKSiR W\u0119gliniec","url":"https:\/\/gcksirwegliniec.pl\/","logo":{"@type":"ImageObject","inLanguage":"pl-PL","@id":"https:\/\/gcksirwegliniec.pl\/#\/schema\/logo\/image\/","url":"https:\/\/gcksirwegliniec.pl\/wp-content\/uploads\/2025\/08\/cropped-A790B771-B708-480A-B996-7A8B9BB2ABCE.jpeg","contentUrl":"https:\/\/gcksirwegliniec.pl\/wp-content\/uploads\/2025\/08\/cropped-A790B771-B708-480A-B996-7A8B9BB2ABCE.jpeg","width":689,"height":435,"caption":"GCKSiR W\u0119gliniec"},"image":{"@id":"https:\/\/gcksirwegliniec.pl\/#\/schema\/logo\/image\/"}}]}},"uagb_featured_image_src":{"full":false,"thumbnail":false,"medium":false,"medium_large":false,"large":false,"1536x1536":false,"2048x2048":false,"thumb-small":false,"thumb-standard":false,"thumb-medium":false,"thumb-large":false,"thumb-xlarge":false,"thumb-xxlarge":false,"thumb-large-no-crop":false,"thumb-medium-no-crop":false,"thumb-standard-no-crop":false,"mailpoet_newsletter_max":false,"woocommerce_thumbnail":false,"woocommerce_single":false,"woocommerce_gallery_thumbnail":false},"uagb_author_info":{"display_name":"admin","author_link":"https:\/\/gcksirwegliniec.pl\/?author=1"},"uagb_comment_info":0,"uagb_excerpt":"W Bibliotece Publicznej w W\u0119gli\u0144cu dnia 11 lipca 2025 r. otworzyli\u015bmy Biblioteczk\u0119 Kresow\u0105. Celem tej&#46;&#46;&#46;","jetpack_sharing_enabled":true,"_links":{"self":[{"href":"https:\/\/gcksirwegliniec.pl\/index.php?rest_route=\/wp\/v2\/pages\/1314","targetHints":{"allow":["GET"]}}],"collection":[{"href":"https:\/\/gcksirwegliniec.pl\/index.php?rest_route=\/wp\/v2\/pages"}],"about":[{"href":"https:\/\/gcksirwegliniec.pl\/index.php?rest_route=\/wp\/v2\/types\/page"}],"author":[{"embeddable":true,"href":"https:\/\/gcksirwegliniec.pl\/index.php?rest_route=\/wp\/v2\/users\/1"}],"replies":[{"embeddable":true,"href":"https:\/\/gcksirwegliniec.pl\/index.php?rest_route=%2Fwp%2Fv2%2Fcomments&post=1314"}],"version-history":[{"count":46,"href":"https:\/\/gcksirwegliniec.pl\/index.php?rest_route=\/wp\/v2\/pages\/1314\/revisions"}],"predecessor-version":[{"id":4268,"href":"https:\/\/gcksirwegliniec.pl\/index.php?rest_route=\/wp\/v2\/pages\/1314\/revisions\/4268"}],"wp:attachment":[{"href":"https:\/\/gcksirwegliniec.pl\/index.php?rest_route=%2Fwp%2Fv2%2Fmedia&parent=1314"}],"curies":[{"name":"wp","href":"https:\/\/api.w.org\/{rel}","templated":true}]}}